*2 - 3*a + 94. Determine i(29).
7
Let j(p) = p + 3. What is j(-7)?
-4
Let u(s) = -s**2 - 20*s + 17. Give u(-22).
-27
Let b(p) = -4*p**2 - 48*p - 9. Determine b(-12).
-9
Let v(w) = w**2 + 7*w + 11. Determine v(-10).
41
Let r(s) = -18*s + 841. What is r(46)?
13
Let b(w) = -10*w - 7. What is b(-8)?
73
Let p(c) = -2*c + 90. Calculate p(25).
40
Let k(h) = h**3 - 13*h**2 - 16*h - 11. What is k(14)?
-39
Let a(n) = -2*n**2 + 9*n + 10. What is a(5)?
5
Let u(f) = 2*f**2 - 2*f + 1. Give u(-2).
13
Let t(m) = 3*m**2 - 1. Calculate t(-3).
26
Let c(a) = -19*a - 13. Determine c(-1).
6
Let o(g) = -g**2 + 40. Calculate o(0).
40
Let k(n) = -n**2 + 2*n + 330. Give k(19).
7
Let w(h) = -4*h**2 + 15*h + 5. Determine w(4).
1
Let g(p) = 3*p - 6. Calculate g(-5).
-21
Let l(s) = -s**3 + 4*s**2 + 22. Give l(0).
22
Let r(g) = -g**2 + 5*g - 2. Calculate r(6).
-8
Let n(t) = t**2 - 5*t - 3. What is n(4)?
-7
Let w(z) = z**2 - 19*z + 66. Calculate w(13).
-12
Let d(k) = -3*k + 15. Determine d(7).
-6
Let u(w) = -7*w - 32. What is u(0)?
-32
Let v(i) = -214*i - 637. Calculate v(-3).
5
Let q(o) = o**2 - 7*o - 5. Calculate q(8).
3
Let o(v) = -19*v - 437. Determine o(-23).
0
Let p(t) = -3*t**2 - 2*t - 5. Give p(-3).
-26
Let c(f) = -5*f**2 - 22*f - 6. Calculate c(-4).
2
Let p(m) = -3*m + 85. Determine p(19).
28
Let o(d) = d + 14. Calculate o(-26).
-12
Let z(n) = 92*n + 647. Give z(-7).
3
Let g(d) = d**3 - 7*d**2 + 8*d - 10. Give g(6).
2
Let v(r) = -6*r + 51. What is v(15)?
-39
Let t(z) = -11*z**2 + 2*z + 1. Give t(-2).
-47
Let q(k) = k**3 + 6*k**2 - 4. Determine q(-4).
28
Let r(q) = 35*q + 1. Give r(1).
36
Let a(v) = v - 31. Calculate a(12).
-19
Let q(o) = 2*o**2 - 62*o - 7. Determine q(31).
-7
Let b(v) = -v**2 + 5*v - 8. Determine b(6).
-14
Let d(y) = -y + 5. What is d(6)?
-1
Let v(s) = s**2 + 6*s - 2. What is v(3)?
25
Let v(r) = r**3 + 14*r**2 - 37*r - 39. Calculate v(-16).
41
Let i(a) = -a**2 - 13*a - 6. Calculate i(-10).
24
Let f(b) = b**3 + 7*b**2 - 17. Give f(-4).
31
Let z(w) = 54*w - 488. Calculate z(9).
-2
Let a(u) = u**2 - 5. Give a(-2).
-1
Let r(v) = v**3 - 15*v**2 + 3*v + 13. Calculate r(15).
58
Let l(q) = 20*q + 1. Give l(1).
21
Let p(t) = -2*t**2 + 13*t - 43. Determine p(6).
-37
Let f(a) = -20*a + 12. Calculate f(-4).
92
Let n(t) = t**3 - 5*t**2 + t - 5. What is n(4)?
-17
Let m(n) = 4*n**2 + 26*n + 12. Determine m(-6).
0
Let u(q) = 2*q**3 - 32*q**2 + 31*q - 1. What is u(15)?
14
Let v(d) = -d**3 + 12*d**2 - 20*d - 3. What is v(9)?
60
Let y(z) = z**2 - 16*z + 47. Determine y(14).
19
Let v(z) = z - 11. Calculate v(-5).
-16
Let a(g) = -2*g**3 + 3*g**2 - 5*g + 1. Give a(5).
-199
Let x(i) = -6*i + 92. Determine x(15).
2
Let c(n) = -n**3 + 9*n**2 - 6*n - 5. Calculate c(8).
11
Let r(m) = 8*m**3 - 5*m + 1. Determine r(3).
202
Let b(g) = -g**3 + 9*g**2 + 22*g + 4. What is b(11)?
4
Let y(u) = -5*u + 21. Calculate y(-5).
46
Let c(f) = f**3 + 19*f**2 + 32*f - 31. Give c(-17).
3
Let g(p) = 6*p + 5. What is g(-4)?
-19
Let b(s) = 3*s + 20. Give b(17).
71
Let w(u) = u**3 + 2*u**2 - 6*u - 3. Give w(-5).
-48
Let j(p) = -86*p**3 - p**2 + 3*p - 1. What is j(1)?
-85
Let u(d) = 25*d - 15. What is u(2)?
35
Let m(c) = -c**3 - 4*c**2 + 2*c - 10. Calculate m(-5).
5
Let d(w) = w - 10. Determine d(12).
2
Let d(a) = -35*a**3 + 2*a**2 - 5*a + 1. Calculate d(1).
-37
Let p(k) = k**3 - 5*k**2 - 10. Determine p(5).
-10
Let y(v) = v + 8. What is y(-12)?
-4
Let x(z) = 80*z + 487. What is x(-6)?
7
Let y(f) = -31*f**3 - f**2 + f + 1. What is y(-1)?
30
Let y(v) = 19*v**3 + v**2 + 2*v + 1. What is y(-1)?
-19
Let n(y) = -y**3 - 3*y**2 - 5*y - 7. Give n(-2).
-1
Let z(l) = -6*l - 75. Give z(-15).
15
Let w(p) = -p**3 + 7*p**2 - p - 5. Calculate w(4).
39
Let g(i) = i**3 + 2*i**2 - 4*i - 7. Determine g(-3).
-4
Let j(f) = f**2 + 8*f + 7. Calculate j(-5).
-8
Let a(d) = d**2 + 14*d + 20. Give a(-13).
7
Let t(m) = -m**2 + 16*m + 34. Determine t(18).
-2
Let h(b) = b**2 - 4*b + 7. Give h(4).
7
Let k(c) = c + 1. Determine k(-2).
-1
Let w(z) = z**3 - 2*z**2 - z. Give w(2).
-2
Let w(n) = -131*n - 1438. Give w(-11).
3
Let a(q) = -q**3 + 3*q**2 - 9*q + 9. Calculate a(4).
-43
Let s(i) = 9*i**2 - 2*i - 10. Give s(-2).
30
Let u(d) = -d**2 + 23*d + 68. What is u(26)?
-10
Let x(k) = k - 8. Give x(11).
3
Let s(u) = -u + 60. Calculate s(-11).
71
Let o(q) = q**3 + 9*q**2 + 3*q + 20. Calculate o(-9).
-7
Let x(b) = 12*b - 16. Calculate x(7).
68
Let k(s) = -43*s - 1. Give k(1).
-44
Let y(i) = -i**2 + 15*i - 15. Give y(12).
21
Let q(o) = -o - 9. Determine q(4).
-13
Let u(q) = -q - 12. Determine u(0).
-12
Let n(y) = 8*y + 17. Determine n(-3).
-7
Let t(b) = -b**2 - 6*b. Give t(3).
-27
Let l(f) = -87*f + 90. Determine l(1).
3
Let g(y) = -13*y + 70. Give g(5).
5
Let h(i) = i**3 - 5*i**2 - 13*i + 35. Calculate h(8).
123
Let u(z) = -z**2 - 36*z - 123. Determine u(-4).
5
Let c(u) = -6*u - 16. Calculate c(-5).
14
Let d(v) = v**3 - 6*v**2 - 8*v + 1. What is d(6)?
-47
Let r(c) = 4*c + 10. Give r(-2).
2
Let r(s) = -20*s**2 - 2*s - 1. Give r(-1).
-19
Let d(l) = l + 12. Give d(-5).
7
Let a(n) = 3*n - 11. Calculate a(8).
13
Let g(j) = 6*j - 17. What is g(-6)?
-53
Let b(h) = 6*h + 18. Determine b(-2).
6
Let j(z) = 7*z**2 - z + 1. Determine j(-2).
31
Let q(b) = b**3 + 31*b**2 - 66*b + 21. What is q(-33)?
21
Let n(m) = 2*m**2 - 14. What is n(0)?
-14
Let p(g) = g**3 + 6*g**2 + 5*g - 4. What is p(-5)?
-4
Let r(m) = m**3 - 4*m**2 + 3*m + 6. Calculate r(4).
18
Let z(s) = -s + 1. Calculate z(3).
-2
Let z(u) = u**3 - 25*u**2 - 23*u - 73. What is z(26)?
5
Let s(v) = -3*v**2 - 68*v - 49. Calculate s(-22).
-5
Let t(a) = -3*a. Give t(-2).
6
Let o(c) = 8*c - 27. Determine o(2).
-11
Let j(y) = y**3 - 25*y**2 - 2*y + 10. Determine j(25).
-40
Let p(z) = z**2 + 12*z - 11. Determine p(-13).
2
Let s(p) = 2*p**2 + 5*p - 16. Give s(-6).
26
Let l(u) = u**3 - 9*u**2 - u - 2. Calculate l(9).
-11
Let j(g) = 19*g**3 - 2*g**2 - g. Determine j(-1).
-20
Let n(s) = s**2 + 10*s - 12. What is n(-11)?
-1
Let t(o) = -17*o + 1. What is t(-2)?
35
Let w(x) = -x**2 - 18*x + 177. Calculate w(8).
-31
Let r(i) = -i**2 + 23*i - 89. Calculate r(5).
1
Let w(i) = 26*i + 1126. Give w(-43).
8
Let o(f) = -4*f**3 - 2*f**2 + 6*f - 6. Determine o(3).
-114
Let h(a) = 10*a**3 + a**2 + a - 1. Give h(-1).
-11
Let r(m) = -m**3 + 4*m**2 + 20*m - 5. Give r(8).
-101
Let g(l) = -l**2 - l + 12. Calculate g(0).
12
Let p(g) = g**3 + 17*g**2 + 28*g - 12. Determine p(-15).
18
Let q(c) = -c**3 - 7*c**2 + c + 4. Calculate q(-7).
-3
Let n(v) = -v**3 - 17*v**2 + 39*v + 12. Determine n(-19).
-7
Let y(o) = o**3 + 2*o**2 - 9*o - 16. Calculate y(-3).
2
Let d(a) = -a**2 - 8*a - 10. What is d(-7)?
-3
Let x(b) = 2*b**2 + 20*b + 18. Determine x(-7).
-24
Let r(t) = 92*t + 737. What is r(-8)?
1
Let v(k) = -24*k + 19. What is v(2)?
-29
Let c(x) = -x**3 - 3*x**2 + 2. What is c(-3)?
2
Let j(a) = -a**3 + 32*a**2 - 64*a + 117. What is j(30)?
-3
Let q(d) = 17*d + 192. Give q(-12).
-12
Let l(s) = s**3 - 6*s**2 - 8*s + 9. What is l(7)?
2
Let h(z) = z**3 + 9*z**2 - 9*z + 3. Give h(-10).
-7
Let f(y) = -2*y**2 + y + 2. Give f(-3).
-19
Let u(n) = -n**2 - 9*n + 37. What is u(-10)?
27
Let d(g) = -2*g**2 + 12. Calculate d(3).
-6
Let z(g) = -g**3 + 5*g**2 - 3*g + 17. Determine z(4).
21
Let k(m) = 2*m**3 - 17*m**2 - 4*m - 36. Calculate k(9).
9
Let k(g) = 17*g - 984. Give k(58).
2
Let l(g) = g**3 + 23*g**2 + g + 35. Determine l(-23).
12
Let k(z) = z**3 - 8*z**2 + 7*z - 3. Calculate k(3).
-27
Let v(s) = 2*s**2 - 3*s - 1. Calculate v(-2).
13
Let d(v) = -2*v - 5. Calculate d(-5).
5
Let o(l) = -14*l - 241. Calculate o(-16).
-17
Let o(z) = -z**3 - 42*z**2 - 40*z + 45. Determine o(-41).
4
Let h(a) = -6*a**2 - 3. Determine h(3).
-57
Let n(y) = 8*y + 2. Give n(-3).
-22
Let k(z) = z**2 - 9*z - 27. What is k(11)?
-5
Let b(i) = -4*i**2 - 29*i. Give b(-7).
7
Let z(f) = f + 5. What is z(7)?
12
Let d(u) = 9*u + 74. Determine d(-9).
-7
Let x(v) = -19*v + 131. Calculate x(7).
-2
Let u(d) = 18*d**3 - d - 1. Calculate u(-1).
-18
Let g(j) = 2*j + 55. Give g(-27).
1
Let z(k) = -k**2 + 10*k + 5. Determine z(8).
21
Let y(h) = h**3 - 8*h**2 - 13*h + 20. Give y(9).
-16
Let o(a) = a**3 + 10*a**2 + 12*a - 3. Calculate o(-9).
-30
Let r(t) = t - 1. Give r(1).
0
Let b(n) = -4*n - 44. Give b(-15).
16
Let q(k) = k**2 + 13*k + 7. What is q(-6)?
-35
Let h(j) = 2*j**2 - j - 3. C